and 350?
14
What is the highest common factor of 296 and 1651162?
74
What is the greatest common divisor of 500536 and 568024?
5624
What is the highest common factor of 11601121 and 7?
7
What is the highest common factor of 13020250 and 1500?
250
What is the greatest common factor of 389843294 and 5045?
1009
What is the highest common factor of 94140 and 3201806?
1046
What is the greatest common factor of 10486 and 703097?
107
What is the highest common factor of 66 and 37619032?
22
What is the highest common factor of 1357188 and 9737?
749
Calculate the greatest common factor of 90 and 143163360.
90
Calculate the highest common factor of 18906 and 608856.
138
Calculate the highest common divisor of 61 and 59910052.
61
What is the highest common divisor of 2390135 and 110?
55
Calculate the greatest common factor of 194397129 and 9.
9
What is the greatest common factor of 7225 and 70794885?
1445
Calculate the highest common divisor of 1082724 and 1524.
12
What is the greatest common divisor of 141999 and 1322607?
429
What is the highest common factor of 140411100 and 9960?
4980
Calculate the greatest common factor of 193 and 13934021.
193
Calculate the highest common divisor of 1259 and 8388717.
1259
Calculate the highest common divisor of 1142700 and 24960.
780
Calculate the greatest common factor of 680270 and 940.
10
Calculate the highest common divisor of 35632553 and 19103.
2729
What is the highest common factor of 580 and 6082315?
145
What is the greatest common divisor of 13139 and 8955167?
1877
What is the greatest common divisor of 24918032 and 32?
16
What is the highest common factor of 176 and 26284592?
16
Calculate the greatest common factor of 1362189082 and 548.
274
What is the highest common divisor of 6640 and 678896?
16
Calculate the highest common factor of 13992 and 195384.
24
Calculate the highest common divisor of 114 and 95205105.
57
What is the greatest common divisor of 15886 and 790582?
338
Calculate the highest common factor of 18186766 and 358111.
2197
Calculate the greatest common factor of 1300 and 2556900.
100
Calculate the highest common factor of 1864 and 221274974.
466
Calculate the highest common factor of 26785596 and 12.
12
Calculate the greatest common divisor of 2050 and 86739600.
2050
Calculate the highest common factor of 155199 and 57386006.
4703
Calculate the highest common factor of 72094393 and 161.
7
What is the highest common divisor of 116070 and 2054658?
438
What is the highest common factor of 94371936 and 12?
12
Calculate the greatest common divisor of 3019140 and 210.
30
What is the greatest common divisor of 1115634014 and 682?
682
Calculate the highest common factor of 1179 and 1546542.
9
What is the highest common divisor of 28 and 457088?
4
What is the highest common factor of 873050256 and 234?
234
Calculate the greatest common factor of 3023306 and 2324894.
3146
Calculate the greatest common factor of 52180 and 11986.
2
What is the greatest common divisor of 343856 and 1808?
16
Calculate the highest common factor of 20 and 29546360.
20
Calculate the greatest common factor of 451 and 17385225.
11
What is the highest common divisor of 5968682 and 611563?
2161
What is the highest common divisor of 6202205 and 25?
5
Calculate the greatest common factor of 39430 and 6605.
5
What is the highest common divisor of 110483 and 674441?
1649
Calculate the greatest common factor of 302820 and 296940.
2940
Calculate the greatest common factor of 4196550 and 137946.
1662
Calculate the highest common divisor of 100409 and 10164187.
1271
Calculate the greatest common divisor of 12332 and 1572071028.
12332
What is the highest common divisor of 2370 and 383477060?
790
What is the greatest common factor of 20004 and 941234876?
6668
Calculate the greatest common factor of 142166558 and 9254.
1322
Calculate the highest common factor of 130795 and 518837.
101
What is the greatest common divisor of 10922 and 982218?
254
What is the highest common factor of 756286 and 275888?
802
Calculate the greatest common factor of 398 and 9349617.
199
Calculate the highest common factor of 1377486 and 75.
3
Calculate the highest common factor of 842 and 33063235.
421
What is the greatest common factor of 1465747731 and 6174?
3087
Calculate the highest common factor of 434 and 564024013.
217
What is the greatest common divisor of 20 and 1223165?
5
What is the greatest common factor of 2139 and 2237184378?
2139
Calculate the highest common factor of 16683 and 77273.
83
What is the highest common factor of 1294986 and 163086?
462
What is the greatest common divisor of 1631403 and 654?
327
Calculate the greatest common factor of 79776 and 133514.
554
Calculate the greatest common divisor of 22122523 and 9617.
163
Calculate the greatest common factor of 2316 and 479748.
12
What is the highest common factor of 7475 and 10427050?
575
Calculate the highest common divisor of 250712660 and 55.
55
What is the greatest common factor of 529246 and 811338?
1294
What is the greatest common divisor of 43878 and 630906?
426
Calculate the highest common divisor of 14 and 215864152.
14
Calculate the greatest common divisor of 554931 and 175851.
1053
Calculate the greatest common factor of 3 and 43272417.
3
Calculate the greatest common divisor of 35422518 and 1212.
606
Calculate the highest common factor of 430389 and 348.
87
Calculate the greatest common factor of 14409 and 13238669.
1601
Calculate the highest common factor of 240280560 and 2808.
2808
Calculate the greatest common factor of 484389 and 77965.
503
What is the greatest common divisor of 35 and 155666780?
5
What is the greatest common divisor of 25839 and 71361?
81
Calculate the highest common divisor of 61884 and 42593.
191
Calculate the greatest common divisor of 226821900 and 47634.
2802
Calculate the highest common factor of 2522100 and 13211.
1201
Calculate the greatest common factor of 51351924 and 78.
78
Calculate the highest common factor of 154080 and 80440.
40
Calculate the greatest common factor of 420 and 4183004.
28
What is the greatest common divisor of 654368819 and 26?
13
Calculate the greatest common factor of 702229 and 25773.
11
Calculate the highest common divisor of 242 and 49262246.
242
What is the highest common factor of 287 and 19104073?
41
What is the greatest common divisor of 5882234 and 275462?
1318
Calculate the greatest common divisor of 21869807 and 316.
79
What is the greatest common divisor of 284911 and 129151?
649
What is the highest common factor of 12 and 310407?
3
What is the highest common factor of 325 and 2599700?
25
What is the greatest common divisor of 11388560 and 320?
80
Calculate the greatest common factor of 24675 and 104475.
525
Calculate the greatest common factor of 11941281 and 1584.
99
What is the greatest common factor of 2863349 and 32132?
277
What is the greatest common factor of 25056170 and 129673?
4183
What is the highest common factor of 151600 and 50100?
100
Calculate the highest common divisor of 23843 and 4656.
1
What is the highest common divisor of 3 and 20650611?
3
What is the greatest common divisor of 72 and 446013?
9
What is the greatest common factor of 16790933 and 12691?
37
What is the highest common divisor of 2947549 and 33?
11
Calculate the greatest common factor of 30275850 and 630.
30
Calculate the highest common factor of 230 and 1991938.
46
Calculate the highest common factor of 2848 and 386171.
89
Calculate the greatest common divisor of 211046631 and 111.
111
What is the greatest common divisor of 87420 and 9160500?
1860
Calculate the greatest common divisor of 540 and 335151.
27
What is the highest common divisor of 3810204 and 48069?
981
What is the greatest common factor of 5980993 and 23?
1
Calculate the greatest common factor of 15225 and 28330100.
725
Calculate the greatest common divisor of 42240 and 345840.
2640
Calculate the highest common factor of 135 and 1747197.
27
What is the greatest common divisor of 6330 and 9480230?
2110
What is the greatest common factor of 17314694 and 9584?
1198
What is the greatest common divisor of 331404 and 83004?
12
What is the highest common factor of 6880 and 48096?
32
What is the highest common factor of 8029 and 371147?
259
Calculate the highest co